 0 = -2*q + 3*q - 4*r - s. Give f(q).
6
Let s(h) = 43*h**2 - 7*h + 20. Let p(y) = -36*y**2 + 4*y - 21. Let k(d) = 6*p(d) + 5*s(d). What is k(-11)?
-26
Suppose 10 = 2*j + f, -5*f + 1 = -4*j - 7. Suppose -9*l = -10*l - j. Let v(g) = -g**3 - 3*g**2 + 2*g - 1. What is v(l)?
-7
Let b = -10 - -14. Let i(m) be the third derivative of -m**7/840 + m**6/90 + m**4/6 + 3*m**3 - 47*m**2. Let d(r) be the first derivative of i(r). Give d(b).
4
Suppose 2*d - 5 = -17. Suppose 18 = 10*f - 4*f. Let o(v) = -5*v - v**f + 18*v**2 + 2*v**3 + 8 - 13*v**2. Calculate o(d).
2
Let r(i) = 3*i**2 - 34*i + 11. Let a(h) = 10*h**2. Let d be a(1). Calculate r(d).
-29
Let n(z) be the third derivative of z**5/15 - z**4/24 + z**3/2 - 298*z**2 - 1. Give n(2).
17
Let t be (-1)/(((-18)/(-16) - 1)/(-1)). Let i(o) = 18 - 25 - o + 2*o - 19*o**2 + t. Determine i(-1).
-19
Let p(b) be the first derivative of -b**7/840 + b**5/120 + 2*b**3/3 - b - 97. Let m(a) be the third derivative of p(a). What is m(0)?
0
Let s(y) = 673*y**2 - 33*y - 189. Let o(z) = -299*z**2 + 17*z + 94. Let u(a) = -9*o(a) - 4*s(a). What is u(-15)?
0
Let r(w) = -w**3 + 0*w**2 - 13 - w**2 + 4*w**2 - 42*w + 3*w + 42*w. Calculate r(6).
-103
Let i(p) = 4*p + 82. Suppose -5*k + 3*x + 26 = 127, k + x = -25. Let d be i(k). Let v(c) = c**3 + 6*c**2 + c + 3. Give v(d).
-3
Let c be 77/(-21) + (-2)/6 - 324. Let i = 323 + c. Let j(d) = d. Determine j(i).
-5
Let n be 5*(-12)/(-20) - 1. Let q(h) = -57*h - 13. Let g(t) = -14*t - 3. Let r(z) = n*q(z) - 9*g(z). Let p = 57 + -58. Calculate r(p).
-11
Let k be (10/(2*-1))/1. Let t(b) = 78*b + 249. Let n(q) = 33*q + 105. Let h(g) = 7*n(g) - 3*t(g). Determine h(k).
3
Let k(t) be the second derivative of -1/6*t**3 + 1/20*t**5 - 3 - 5/4*t**4 - 9*t - 5/2*t**2. Determine k(15).
-20
Let v(f) = -2*f + 5. Let z(o) = o**3 - 7*o**2 - 3*o - 38. Let s be z(8). Calculate v(s).
1
Let r(v) be the first derivative of v**7/840 + v**6/180 - v**5/120 + v**4/8 + v**3/3 + 3*v**2/2 - 2. Let a(y) be the third derivative of r(y). Give a(-4).
-25
Suppose -384 + 370 = 7*v. Let b(d) = -5*d - 4. Let y(f) = -2 + 2 - f - 3 + 2. Let p(q) = v*b(q) + 9*y(q). Give p(-6).
-7
Let i = -458 - -466. Suppose i*s = 40*s - 256. Let r(l) = 18*l - 1 - l**2 - 7*l - 2. Give r(s).
21
Let a(y) = 49*y - 3. Suppose 65*f - 396 = 197*f. Give a(f).
-150
Let m(s) = 24793 + 40*s - 43*s - 24773. Suppose 6 = 5*a - 19. What is m(a)?
5
Let g(a) be the third derivative of -a**5/12 + 7*a**4/24 + 3167*a**2. Calculate g(2).
-6
Let s = -170 + 172. Let g(v) = 26*v - 1 + v**s + 28*v - 58*v. Suppose 2 = -4*y + 10. Calculate g(y).
-5
Let l(x) = 5*x - 13. Let d(s) = 2*s - 6. Let f(g) = -14*d(g) + 6*l(g). Let p(j) = -j**2 + 5*j + 58. Let y be p(30). Let h = y + 698. Determine f(h).
18
Let r(f) be the third derivative of f**4/4 + 2*f**3/3 + 2738*f**2. What is r(4)?
28
Let t be ((-12)/(-4) - 2) + 9 - 1. Let v be (t/(-6))/(2/(-4)). Let x(q) = 3*q + 5*q**2 - 7*q + 5 - 2 - 2*q**3. Calculate x(v).
-18
Let g(q) = 12*q**2 + 13*q**2 - 16*q**2 - 5 + 10*q - q**3. Suppose 4*j = -4*o + 56, -5*o + 2*j = -j - 38. Give g(o).
-5
Suppose -112 = -z + 2*p, 4*z + 544 = 9*z - 2*p. Let i(l) = -35*l**3 - 33*l**3 + 2*l + z*l**3 - 42*l**3 + 1. What is i(2)?
-11
Let n be 144/18 - (7 - 2). Suppose 2*p - 5*p = -6. Let u(b) = 10*b**2 - n*b - b + p*b - 1 + 0*b. Calculate u(-1).
11
Let j(n) = -3*n + n + 4*n**3 - 5*n**2 + 1 - 3*n**3. Let k = -175991 - -175995. Give j(k).
-23
Let d(l) be the first derivative of 3 + 13/3*l**3 - 7*l**2 + 1/4*l**4 - l. Let f be d(-14). Let c(x) = 13*x**2 + x + 1. Give c(f).
13
Let z(c) = -c - 4. Suppose p - 4 = 0, -2*a + 3*a + 3*p = 0. Determine z(a).
8
Let g(j) be the second derivative of 13*j**4/6 - j**3/3 + j**2/2 + 61*j. Suppose 107*k = 112*k - 5. Determine g(k).
25
Let u(y) = -y**2 + 12*y + 24. Let a = -1877 + 1890. Calculate u(a).
11
Let q(g) = 437*g + 1302. Let f be q(-3). Let u(x) = -9*x - 75. Determine u(f).
6
Let l(u) = u**2 - 25*u + 58. Let s = -10475 + 10497. Determine l(s).
-8
Let g(f) = -5*f**3 + f**2 - 2*f + 1. Let b be 11*1/22*2. What is g(b)?
-5
Let l = 197 + -180. Suppose l = 9*p - 19. Let w(o) = 9*o + 19. Let d(c) = -4*c - 9. Let x(g) = 13*d(g) + 6*w(g). Determine x(p).
5
Let y(k) = -k. Let z = -23 + 20. Let u(m) = m**2 - 9*m. Let j(n) = z*y(n) + u(n). Let w be (45/(-18))/((-3)/6). Determine j(w).
-5
Let g(f) = -26*f**2 + 21*f**2 + 318*f - 319*f. What is g(1)?
-6
Let v(z) = 6*z + 5 - 2 + 2 + z**2. Let g be 20/18*45*31/(-310). Determine v(g).
0
Let p be (1/(8/56) + 13/(-2))*0. Let i(k) = -13*k + 12. What is i(p)?
12
Let x(i) = -14 - 25*i + 93*i**2 + 92*i**2 - 169*i**2 + 32*i. Calculate x(2).
64
Let a(i) = 3*i**2 + 29*i - 10. Let y(w) = w**2 + 4*w - 1. Let n(s) = a(s) - 5*y(s). Calculate n(4).
-1
Let v(g) be the first derivative of -g**4 + g**3/3 - g**2/2 + g - 1. Let o be 1 + -3 - (-3 + -2). Suppose 3*b = -2*a + 8 + o, 0 = 3*a + b - 6. Calculate v(a).
-3
Suppose 524*t = 518*t + 24. Suppose -t*b = 0, -2*g + 2*b - 7 = -1. Let a(j) = -j**3 - 5*j**2 - j + 4. Determine a(g).
-11
Suppose 4 = h - 12*w + 7*w, -5*w = -3*h + 32. Let q be 2747/469 - (-2)/h. Let s(k) = 3*k - 2. Determine s(q).
16
Let g be 9*1/(3 + 0). Suppose 5*v - g*v = 0. Let z(f) = v*f**2 - 3*f + 2*f + f**2 + 9*f - 3. Give z(-8).
-3
Let u(s) = 15*s + 56. Let q(h) = 4*h + 11. Let c(m) = -9*q(m) + 2*u(m). Determine c(9).
-41
Let m(v) = -3*v**3 + 3*v**2 - 2. Let y = 17140 - 17138. Give m(y).
-14
Suppose -4*n - 8 + 12 = 0. Let k(o) = n + 193*o - 100*o - 94*o. Calculate k(0).
1
Suppose -84*w + 147*w + 18 = 81*w. Let v(s) = 5*s - 11. Calculate v(w).
-6
Let d(s) = 240*s**3 + 2*s**2 - 43 - 19*s**2 - 239*s**3 - 12*s**2 - 19*s**2 - 99*s. Calculate d(50).
7
Let n(m) = -35*m + 2. Let d(a) = 2*a**2 + 7*a - 71. Let b be d(-8). Determine n(b).
-33
Let y(w) = 4*w + 1. Suppose 2*h + g = 67, 33 = -4*h + 5*h + g. Suppose -5*s = -39 + h. Let v be (-11 - (s + -2))*(-1)/2. Give y(v).
21
Let n(i) = -4*i**2 - 18*i + 3. Let o(r) = 17*r**2 + 80*r - 12. Let g(a) = 9*n(a) + 2*o(a). Calculate g(5).
-57
Let i be 11 - -1*(0 - 1). Let y(u) = -u + 0*u - 11 + 5*u + i. Suppose 0 = -6*g + 11 + 13. Give y(g).
15
Let y(i) be the second derivative of i**5/20 + 37*i**4/12 + i**3/6 + 26*i**2 - 7*i + 27. Determine y(-37).
15
Let d(j) be the second derivative of -1/6*j**3 - 3*j - 4*j**2 + 0. Calculate d(-7).
-1
Let d(u) be the second derivative of -3*u**6/80 + u**5/120 + u**4/4 + 3*u**3/2 + 31*u. Let x(o) be the third derivative of d(o). Determine x(1).
-26
Let w(t) = 2 - t - 11*t**2 - 9*t**2 + 18*t**2 - 1. Let y(b) be the first derivative of -b**4/4 + 2*b**3/3 - b**2 + 2*b + 4. Let l be y(2). Determine w(l).
-5
Let v(w) = -2*w + 2. Let u(d) = 2*d**2 + 20*d + 12. Let i(t) = -t**2 + 3*t - 6. Let q be i(4). Let h be u(q). Suppose 5*l = h*l - 42. Give v(l).
-10
Let m(x) = 7*x - 221. Let l be m(32). Let u(b) = -6*b**2 + 7*b**2 + 1 + 5 + b + l*b. Give u(-4).
6
Let x(f) = 4*f - 8. Let g be x(4). Let v be 66/8 + 6/g + -1. Suppose 0 = -v*y + 5*y + 6. Let h(b) = 2*b**2 - 2*b + 1. What is h(y)?
5
Let a(r) = -14*r**2 - 2*r + 1. Let k be 79 + -81 - (-8)/2. Let d(b) = 3 - 2*b + 3*b - 2*b. Let p be d(k). Give a(p).
-15
Suppose -244 = -5*i - 1819. Let c be -5*14/i + (-86)/(-18). Let f(t) = -t**2 - 4*t**2 + 5*t + 4*t**2. Determine f(c).
0
Let r(d) = -d**3 + d + 3. Let w(q) = -2*q**2 - 45*q - 50. Let j be w(-21). Suppose 6*t = -j*t + 7*t. Calculate r(t).
3
Suppose 0 = -3*j + h + 8, 18 = -12*j + 16*j - 5*h. Suppose 0*r + 2*r = 10. Let m(n) = 0*n**j - n**2 + 4 - 8 + 0*n**2 + r*n. Calculate m(4).
0
Let z(y) = 6*y**2 - 1. Let d(q) = -q**3 - 16*q**2 + 1. Let w be (-2212)/(-16) - -7 - (-3)/4. Let l be 4/18 - w/9. Let m be d(l). Calculate z(m).
5
Let a(x) = 2*x**3 - x**2 + 3*x + 2. Suppose 4*i - 12 = 4*t, -9*i = -8*i - 5*t - 3. Determine a(i).
56
Suppose -2 - 18 = 4*o - h, 4*h + 34 = -3*o. Let w(d) = -d**3 - 7*d**2 - 4*d - 2. What is w(o)?
-14
Let b(p) be the first derivative of p**6/120 - p**5/15 - p**4/6 - p**3 + 26*p**2 - 117. Let r(c) be the second derivative of b(c). Give r(5).
-1
Let v = -1 - -1. Let w(o) be the third derivative of o**6/120 + o**4/24 + 5*o**3/6 - 16*o**2 - 2*o - 4. Give w(v).
5
Let o(h) = -14 - 177*h + 87*h - 40 + 87*h. Let x be o(-17). Let g(j) be the second derivative of -j**3/6 + 3*j**2/2 - 32*j. Determine g(x).
6
Let i(l